{"id":5,"date":"2018-03-27T13:38:56","date_gmt":"2018-03-27T13:38:56","guid":{"rendered":"http:\/\/swinging-seagulls.de\/?page_id=5"},"modified":"2024-07-12T13:43:01","modified_gmt":"2024-07-12T13:43:01","slug":"aktuelles","status":"publish","type":"page","link":"https:\/\/swinging-seagulls.de\/","title":{"rendered":"Home"},"content":{"rendered":"<p><img loading=\"lazy\" decoding=\"async\" class=\"aligncenter wp-image-157 size-large\" src=\"http:\/\/swinging-seagulls.de\/wp-content\/uploads\/2018\/05\/Logo-SwingSG_rahmen-1024x724.jpg\" alt=\"\" width=\"660\" height=\"467\" srcset=\"https:\/\/swinging-seagulls.de\/wp-content\/uploads\/2018\/05\/Logo-SwingSG_rahmen-1024x724.jpg 1024w, https:\/\/swinging-seagulls.de\/wp-content\/uploads\/2018\/05\/Logo-SwingSG_rahmen-300x212.jpg 300w, https:\/\/swinging-seagulls.de\/wp-content\/uploads\/2018\/05\/Logo-SwingSG_rahmen-768x543.jpg 768w\" sizes=\"(max-width: 660px) 100vw, 660px\" \/><\/p>\n<p><span style=\"color: #ff00ff;\"><strong>Unser Konzert am 15. Juni 2024 auf dem Jazzfest in Ahrenshoop wurde aufgenommen und kurze Zeit sp\u00e4ter in der Radiosendung &#8222;Jazztime&#8220; des NDR1 gesendet. Hier der Link zum entsprechenden Podcast:<\/strong><\/span><\/p>\n<p><span style=\"color: #ff00ff;\"><strong>https:\/\/www.ndr.de\/radiomv\/podcast5224.html<\/strong><\/span><\/p>\n<p><span style=\"color: #ff00ff;\"><strong>Viel Spa\u00df beim H\u00f6ren !<\/strong><\/span><\/p>\n<p><span style=\"color: #ff0000;\"><strong>Stimmen zur Band:<\/strong><\/span><\/p>\n<p><span style=\"color: #0000ff;\"><em>&#8222;&#8230; unbeirrbar musikalisch, fr\u00f6hlich und ernsthaft, kraftvoll und rhythmisch, mit Standards und Unkonventionellem, wenn sie R\u00e4ume \u00f6ffnen f\u00fcr Klang und Empfinden &#8211; weit \u00fcber Ort und Moment hinaus.&#8220;<\/em><\/span><br \/><span style=\"color: #0000ff;\"><em>(Prof. Kleiner, Pr\u00e4sident der Leibniz-Gemeinschaft)<\/em><\/span><\/p>\n<p><span style=\"color: #008000;\"><em>&#8222;I thoroughly enjoyed my evening with Swingin&#8216; Seagulls. Hats off to a<\/em><\/span><br \/><span style=\"color: #008000;\"><em>wonderful band &#8211; good jazz, entertaining, fresh, highly professional, and for me the very most important ingredient &#8211; SWINGIN&#8216;!!&#8220;<\/em><\/span><br \/><span style=\"color: #008000;\"><em>(Jim McIntosh, im englischen Jazzmagazin &#8222;Just Jazz&#8220;)<\/em><\/span><\/p>\n<p><span style=\"color: #ff00ff;\">&#8222;&#8230; die gelungenen neuen Arrangements und Interpretationen alter Jazz-Klassiker in Verbindung mit der Qualit\u00e4t der vier Musiker &#8230; schaffen neue Erinnerungen. Bekannte Titel &#8230; bekommen dank der `Swingin&#8216; Seagulls einen neuen Klang, eine neue Frische.&#8220;\u00a0 \u00a0 \u00a0 \u00a0 \u00a0 \u00a0 \u00a0 \u00a0 \u00a0 \u00a0 \u00a0 \u00a0 \u00a0 \u00a0 \u00a0 \u00a0 \u00a0 \u00a0 \u00a0 \u00a0 \u00a0 \u00a0 \u00a0 \u00a0 \u00a0 \u00a0 \u00a0 \u00a0 \u00a0 \u00a0 \u00a0 \u00a0 \u00a0 \u00a0 \u00a0 \u00a0 \u00a0 \u00a0 \u00a0 \u00a0 \u00a0 \u00a0 \u00a0 \u00a0 \u00a0 \u00a0 \u00a0 \u00a0 \u00a0 \u00a0 \u00a0 \u00a0 \u00a0 \u00a0 \u00a0 \u00a0 \u00a0 \u00a0 \u00a0 \u00a0 \u00a0 (Michael Solscher, Jazzclub Hamburg-Bergedorf<\/span><\/p>\n<p><span style=\"color: #333399;\">&#8222;Schon die CD hat mich \u00fcberrascht, wegen der ungew\u00f6hnlichen Besetzung einmal, aber zweitens durch die Frische, die dieses Quartett ausstrahlt. Nun aber kommt das Live-Erlebnis dazu: noch frischer, pr\u00e4ziser und ansteckender. Die Swinging Seagulls sind ein gl\u00e4nzendes Beispiel daf\u00fcr, wie man Jazz der fr\u00fchen Swing-\u00c4ra in neue Kleider packen kann. Congratulation!&#8220;\u00a0 \u00a0 \u00a0 \u00a0 \u00a0 \u00a0 \u00a0 \u00a0 \u00a0 \u00a0 \u00a0 \u00a0 \u00a0 \u00a0 \u00a0 \u00a0 \u00a0 \u00a0 \u00a0 \u00a0 \u00a0 \u00a0 \u00a0 \u00a0 \u00a0 \u00a0 \u00a0 \u00a0 \u00a0 \u00a0 \u00a0 \u00a0 \u00a0 \u00a0 \u00a0 \u00a0 \u00a0 \u00a0 \u00a0 \u00a0 \u00a0 \u00a0 \u00a0 (Volker Reckeweg, Trompeter und Bandleader aus Hamburg)<\/span><\/p>\n<p><span style=\"color: #ff0000;\"><strong>Stimmen zur CD: <\/strong><\/span><\/p>\n<p><span style=\"color: #800080;\">Das englische Jazzmagazin &#8222;Just Jazz&#8220;:<\/span><br \/><span style=\"color: #800080;\">&#8222;Being a quartet, a lot of the superb music is arranged, resulting<\/span><br \/><span style=\"color: #800080;\">in a very full sound, great four\/two\/one-bar breaks, key changes, etc.<\/span><br \/><span style=\"color: #800080;\">&#8230; The more I listen to this CD, the more I hear &#8211; quirky harmonies,<\/span><br \/><span style=\"color: #800080;\">subtle key changes, humour and, above all, it all swings.<\/span><br \/><span style=\"color: #800080;\">This is a great CD &#8230; the Swingin&#8216; Seagulls have landed!&#8220;<\/span><\/p>\n<p><span style=\"color: #008000;\">Joachim B\u00f6skens, Direktor, NDR Landesfunkhaus MV:<\/span><br \/><span style=\"color: #008000;\">&#8222;Authentisch, meisterlich handgemacht: Das ist Oldtime-Jazz auf h\u00f6chstem Niveau. Hervorragende Arrangements, gro\u00dfartig gespielt. Es ist eine wahre Freude, diese Musik zu h\u00f6ren: ob live oder von der CD!&#8220;<\/span><\/p>\n<p><span style=\"color: #ff6600;\">Reimer von Essen, Bandleader &#8222;Barrelhouse Jazzband&#8220;, Frankfurt:<\/span><br \/><span style=\"color: #ff6600;\">&#8222;\u00dcberraschung: Lauter Titel des klassischen Jazz in sehr pers\u00f6nlicher,<\/span><br \/><span style=\"color: #ff6600;\">ganz neuer Fassung. Federleichter Swing in Quartett-Besetzung.<\/span><br \/><span style=\"color: #ff6600;\">Intelligente Arrangements, denen man anh\u00f6rt, dass sie von heute sind,<\/span><br \/><span style=\"color: #ff6600;\">erstklassige Titel ohne Erm\u00fcdungserscheinung!&#8220;<\/span><\/p>\n<figure id=\"attachment_262\" aria-describedby=\"caption-attachment-262\" style=\"width: 398px\" class=\"wp-caption aligncenter\"><img loading=\"lazy\" decoding=\"async\" class=\"wp-image-262 \" src=\"http:\/\/swinging-seagulls.de\/wp-content\/uploads\/2019\/08\/SwingingSeagulls_icantdance_Cover_lowres-300x300.jpg\" alt=\"\" width=\"398\" height=\"398\" srcset=\"https:\/\/swinging-seagulls.de\/wp-content\/uploads\/2019\/08\/SwingingSeagulls_icantdance_Cover_lowres-300x300.jpg 300w, https:\/\/swinging-seagulls.de\/wp-content\/uploads\/2019\/08\/SwingingSeagulls_icantdance_Cover_lowres-150x150.jpg 150w, https:\/\/swinging-seagulls.de\/wp-content\/uploads\/2019\/08\/SwingingSeagulls_icantdance_Cover_lowres-768x768.jpg 768w, https:\/\/swinging-seagulls.de\/wp-content\/uploads\/2019\/08\/SwingingSeagulls_icantdance_Cover_lowres.jpg 1024w\" sizes=\"(max-width: 398px) 100vw, 398px\" \/><figcaption id=\"caption-attachment-262\" class=\"wp-caption-text\">Unsere neue CD (siehe auch Extraseite)<\/figcaption><\/figure>\n<p>Konzert im &#8222;Vielmeer&#8220; in K\u00fchlungsborn:<\/p>\n<p><img decoding=\"async\" class=\"details-image\" draggable=\"false\" src=\"http:\/\/swinging-seagulls.de\/wp-content\/uploads\/2019\/01\/Seagulls-Yachthafen-2018-1-1024x746.jpg\" alt=\"\" \/><\/p>\n<p>Konzert im Jazzclub &#8222;Ursprung&#8220; in Rostock:<\/p>\n<p><img loading=\"lazy\" decoding=\"async\" class=\"wp-image-150 size-large\" src=\"http:\/\/swinging-seagulls.de\/wp-content\/uploads\/2018\/05\/561A2959-2-1024x683.jpg\" alt=\"\" width=\"660\" height=\"440\" srcset=\"https:\/\/swinging-seagulls.de\/wp-content\/uploads\/2018\/05\/561A2959-2-1024x683.jpg 1024w, https:\/\/swinging-seagulls.de\/wp-content\/uploads\/2018\/05\/561A2959-2-300x200.jpg 300w, https:\/\/swinging-seagulls.de\/wp-content\/uploads\/2018\/05\/561A2959-2-768x512.jpg 768w\" sizes=\"(max-width: 660px) 100vw, 660px\" \/><\/p>\n<p><span style=\"color: #333300;\"><em>Vier Musiker aus K\u00fchlungsborn und Rostock und haben eine neue Band gegr\u00fcndet, die sich der Swingmusik der 20er und 30er Jahre widmet.<\/em><\/span><\/p>\n\n\n<figure class=\"wp-block-image size-large is-resized\"><img loading=\"lazy\" decoding=\"async\" width=\"1024\" height=\"682\" src=\"http:\/\/swinging-seagulls.de\/wp-content\/uploads\/2023\/01\/PR3-Bergedorfer-Schloss-D4M_4303-1024x682.jpg\" alt=\"\" class=\"wp-image-374\" style=\"width:675px;height:449px\" srcset=\"https:\/\/swinging-seagulls.de\/wp-content\/uploads\/2023\/01\/PR3-Bergedorfer-Schloss-D4M_4303-1024x682.jpg 1024w, https:\/\/swinging-seagulls.de\/wp-content\/uploads\/2023\/01\/PR3-Bergedorfer-Schloss-D4M_4303-300x200.jpg 300w, https:\/\/swinging-seagulls.de\/wp-content\/uploads\/2023\/01\/PR3-Bergedorfer-Schloss-D4M_4303-768x511.jpg 768w, https:\/\/swinging-seagulls.de\/wp-content\/uploads\/2023\/01\/PR3-Bergedorfer-Schloss-D4M_4303-1536x1023.jpg 1536w, https:\/\/swinging-seagulls.de\/wp-content\/uploads\/2023\/01\/PR3-Bergedorfer-Schloss-D4M_4303-2048x1364.jpg 2048w\" sizes=\"(max-width: 1024px) 100vw, 1024px\" \/><figcaption class=\"wp-element-caption\">Konzert im Jazzclub Hamburg-Bergedorf (copyright Michael Solscher)<\/figcaption><\/figure>\n\n\n\n<p><\/p>\n\n\n\n<p><strong><mark style=\"background-color:rgba(0, 0, 0, 0)\" class=\"has-inline-color has-medium-pink-color\">N\u00e4chster \u00f6ffentlicher Auftritt: <\/mark><\/strong><\/p>\n\n\n\n<p class=\"has-medium-pink-color has-text-color has-medium-font-size\">(noch nicht auf dem neuesten Stand ; sorry)<\/p>\n","protected":false},"excerpt":{"rendered":"<p>Unser Konzert am 15. Juni 2024 auf dem Jazzfest in Ahrenshoop wurde aufgenommen und kurze Zeit sp\u00e4ter in der Radiosendung &#8222;Jazztime&#8220; des NDR1 gesendet. Hier der Link zum entsprechenden Podcast: https:\/\/www.ndr.de\/radiomv\/podcast5224.html Viel Spa\u00df beim H\u00f6ren ! Stimmen zur Band: &#8222;&#8230; unbeirrbar musikalisch, fr\u00f6hlich und ernsthaft, kraftvoll und rhythmisch, mit Standards und Unkonventionellem, wenn sie R\u00e4ume &hellip; <a href=\"https:\/\/swinging-seagulls.de\/\" class=\"more-link\"><span class=\"screen-reader-text\">Home<\/span> weiterlesen<\/a><\/p>\n","protected":false},"author":1,"featured_media":0,"parent":0,"menu_order":0,"comment_status":"closed","ping_status":"closed","template":"","meta":{"footnotes":""},"class_list":["post-5","page","type-page","status-publish","hentry"],"_links":{"self":[{"href":"https:\/\/swinging-seagulls.de\/index.php?rest_route=\/wp\/v2\/pages\/5"}],"collection":[{"href":"https:\/\/swinging-seagulls.de\/index.php?rest_route=\/wp\/v2\/pages"}],"about":[{"href":"https:\/\/swinging-seagulls.de\/index.php?rest_route=\/wp\/v2\/types\/page"}],"author":[{"embeddable":true,"href":"https:\/\/swinging-seagulls.de\/index.php?rest_route=\/wp\/v2\/users\/1"}],"replies":[{"embeddable":true,"href":"https:\/\/swinging-seagulls.de\/index.php?rest_route=%2Fwp%2Fv2%2Fcomments&post=5"}],"version-history":[{"count":90,"href":"https:\/\/swinging-seagulls.de\/index.php?rest_route=\/wp\/v2\/pages\/5\/revisions"}],"predecessor-version":[{"id":396,"href":"https:\/\/swinging-seagulls.de\/index.php?rest_route=\/wp\/v2\/pages\/5\/revisions\/396"}],"wp:attachment":[{"href":"https:\/\/swinging-seagulls.de\/index.php?rest_route=%2Fwp%2Fv2%2Fmedia&parent=5"}],"curies":[{"name":"wp","href":"https:\/\/api.w.org\/{rel}","templated":true}]}}